520
What is 13313400 (base 6) in base 5?
103222240
What is -52613002 (base 7) in base 3?
-22101110020201
Convert -1509145 (base 11) to base 2.
-1001111000000100100101
Convert -1067c (base 14) to base 4.
-21230112
Convert -737212 (base 9) to base 11.
-27a337
-10333220 (base 4) to base 7
-113432
Convert ee51c (base 15) to base 14.
159d04
What is -15447 (base 13) in base 4?
-21311121
-149563 (base 11) to base 5
-24413033
d41320 (base 14) to base 16
6d14c0
-1102123120 (base 4) to base 15
-6a084
Convert -1012112110 (base 3) to base 15.
-7063
What is 443102 (base 5) in base 2?
11110000101010
-70290 (base 12) to base 13
-51330
12ba775 (base 13) to base 16
5a217f
What is -668128 (base 10) in base 7?
-5451616
-145107 (base 8) to base 3
-2122000220
-55304003 (base 6) to base 7
-20041233
44333 (base 5) to base 7
12006
Convert 62053 (base 9) to base 7.
230106
What is -8e0fd (base 16) in base 15?
-b7625
What is -5315 (base 8) in base 7?
-11030
Convert -7fc5f (base 16) to base 14.
-d8a2b
What is 213510 (base 9) in base 6?
2421100
What is 3a104 (base 14) in base 8?
427050
Convert 120222201210 (base 3) to base 16.
4cd6d
Convert -211345512 (base 6) to base 4.
-32023020110
What is 1285aa (base 11) in base 8?
611752
What is -301700 (base 10) in base 13?
-a7429
2518545 (base 9) to base 15
1c132b
Convert -320a (base 16) to base 11.
-9696
What is 12102102220 (base 3) in base 15?
21970
Convert 5660143 (base 8) to base 5.
343011003
Convert -125522342 (base 6) to base 16.
-265f76
-c3a36 (base 13) to base 12
-14b1aa
What is 131033003211 (base 4) in base 15?
a15b80
What is 10421430 (base 5) in base 9?
150320
Convert 110010100010011100 (base 2) to base 7.
1521340
Convert 11000100011010001110 (base 2) to base 13.
222242
-40241716 (base 8) to base 14
-11a73d4
-105225 (base 7) to base 15
-57c9
Convert 10022212222100 (base 3) to base 9.
3285870
420507 (base 8) to base 4
202011013
20360460 (base 7) to base 8
6420027
6734204 (base 9) to base 3
20211011020011
1111010101011011 (base 2) to base 5
4002221
-465505 (base 7) to base 6
-1443011
Convert -267123 (base 9) to base 11.
-101241
What is 1011111100011011101 (base 2) in base 16?
5f8dd
Convert -32311332 (base 8) to base 12.
-2397b8a
-227134 (base 13) to base 15
-111884
-359000 (base 11) to base 4
-2022300101
Convert -15daa (base 14) to base 11.
-3821a
-10101001100101111 (base 2) to base 12
-422bb
What is -122020000110 (base 3) in base 14?
-8b781
What is 16520414 (base 10) in base 15?
16b4e0e
What is 101323002 (base 4) in base 6?
1323510
124213220 (base 5) to base 8
2264355
What is 50310230 (base 6) in base 9?
2610810
What is 361938c (base 13) in base 11?
9505986
Convert 23597 (base 11) to base 8.
102302
-1cc3da (base 16) to base 10
-1885146
Convert -3165333 (base 8) to base 3.
-1121000020220
Convert -3313453 (base 6) to base 15.
-3402c
What is 4715067 (base 8) in base 4?
10321220313
531042045 (base 6) to base 10
9290189
What is 1241121200 (base 5) in base 14?
59ba30
Convert 12050688 (base 9) to base 2.
10110011011010110110110
What is -405508 (base 13) in base 3?
-2211001111211
Convert -12d2496 (base 15) to base 14.
-1b35399
What is -102102202 (base 3) in base 15?
-270b
-20154222 (base 6) to base 11
-363079
-111002010200 (base 3) to base 12
-104b90
-10010011111010001101000 (base 2) to base 9
-10106367
85171 (base 11) to base 8
362116
15842848 (base 9) to base 8
36225540
Convert -2134416 (base 9) to base 16.
-117825
What is -25d60 (base 16) in base 2?
-100101110101100000
What is -1010046 (base 8) in base 13?
-9427c
Convert -17bd31 (base 15) to base 11.
-7189a1
Convert 180378 (base 13) to base 16.
92943
Convert -10a093 (base 11) to base 15.
-36a5d
What is -23616333 (base 8) in base 2?
-10011110001110011011011
-167610 (base 9) to base 11
-71168
211443 (base 8) to base 2
10001001100100011
Convert -12623222 (base 7) to base 13.
-31a729
1011112002221221 (base 3) to base 2
111111111001111100000111
48d40 (base 14) to base 11
111999
1210011100220 (base 3) to base 2
11100111011011111111
-10110123200 (base 4) to base 8
-4243340
What is 9309687 (base 10) in base 11?
5289562
1ef39c (base 16) to base 12
819a50
What is 1166804 (base 13) in base 10?
5384006
What is -130330023 (base 4) in base 6?
-2312443
2222010 (base 3) to base 8
4163
What is 334165 (base 10) in base 12?
141471
Convert -194339 (base 13) to base 11.
-3a6114
What is -11012200201 (base 3) in base 9?
-135621
77652 (base 9) to base 12
25a0b
What is 10d26 (base 16) in base 15?
15637
What is 5376555 (base 9) in base 3?
12102120121212
-c258 (base 16) to base 9
-75220
Convert -761672 (base 8) to base 4.
-332032322
Convert -99337 (base 16) to base 9.
-1155704
Convert -532743 (base 9) to base 16.
-4d640
-412626 (base 8) to base 9
-227335
Convert -12315536 (base 8) to base 9.
-5115352
What is 7325674 (base 9) in base 15?
524d04
Convert 1dcbf (base 16) to base 9.
205367
Convert -20121002221101 (base 3) to base 9.
-6532841
3fc526 (base 16) to base 4
33330110212
What is 30311121 (base 4) in base 5?
3140234
-31121301 (base 5) to base 12
-1033a8
What is -117b1 (base 16) in base 8?
-213661
What is -334264 (base 7) in base 11?
-40484
Convert 6321451 (base 7) to base 15.
100a47
What is 681864 (base 9) in base 4?
1203222121
Convert -12452 (base 7) to base 6.
-23212
What is -110013323 (base 4) in base 3?
-11012001212
21202011210 (base 3) to base 8
451652
Convert 3533 (base 10) to base 9.
4755
1624732 (base 9) to base 14
196bcd
10dac47 (base 14) to base 5
4030340144
Convert 50a2 (base 11) to base 4.
1221233
27537 (base 8) to base 14
45c3
-11413503 (base 7) to base 10
-1012098
Convert -37a7d (base 14) to base 11.
-93636
What is -1b447 (base 13) in base 2?
-1101000011010111
What is 1356776 (base 9) in base 13?
201978
What is 2ab6 (base 12) in base 8?
11652
What is a0a12 (base 12) in base 2?
110010111110101110
What is -111111100101111011000 (base 2) in base 15?
-2b2650
Convert -1a598a (base 12) to base 9.
-780487
24031042 (base 6) to base 5
143010001
What is -2937545 (base 10) in base 12?
-b97b75
-4c1557 (base 14) to base 4
-21332230121
10ed2 (base 15) to base 4
31023110
127b885 (base 16) to base 15
1a7c4dc
What is 6452348 (base 9) in base 3?
20111202101122
Convert 2213222111 (base 4) to base 12.
291505
-110012020101000 (base 3) to base 12
-2206253
-2571995 (base 11) to base 15
-5ce7c8
Convert 232520255 (base 6) to base 15.
5a91db
4840a (base 13) to base 11
90610
-1003111031 (base 4) to base 12
-113725
What is 1000101000011111111100 (base 2) in base 16?
2287fc
What is -516063 (base 10) in base 3?
-222012220110
What is -315542 (base 6) in base 5?
-1312120
What is -160365 (base 12) in base 13?
-101177
1839 (base 13) to base 16
e0d
-255252 (base 8) to base 11
-60749
4200021 (base 6) to base 15
3ed94
What is -21702e (base 16) in base 8?
-10270056
What is 1297797 (base 10) in base 6?
43452153
Convert 134101133 (base 6) to base 10.
2714097
Convert -141063332 (base 7) to base 2.
-100011000100001100100011
What is 5b94c (base 13) in base 5?
20343212
Convert -101111110111011001000010 (base 2) to base 7.
-211440033
Convert 89442 (base 15) to base 5.
102430322
Convert 221604 (base 13) to base 5.
201143143
Convert -215060 (base 7) to base 3.
-1220210222
-12102551 (base 6) to base 16
-5d2e3
Convert -120331331 (base 6) to base 8.
-10513647
-145b1 (base 13) to base 7
-216526
What is e9e22 (base 15) in base 5?
142223212
Convert 221c20a (base 14) to base 9.
33441074
What is 322d6 (base 14) in base 4?
131213210
Convert -73951 (base 10) to base 6.
-1330211
-101000101101101000111 (base 2) to base 6
-44332155
What is 2101202210222 (base 3) in base 5?
311244020
Convert 1344b (base 16) to base 6.
1405215
Convert a5292 (base 16) to base 11.
422299
Convert -c324 (base 14) to base 10.
-33548
-4333422 (base 5) to base 9
-122745
Convert -b38a9 (base 13) to base 10.
-322253
What is -4c0a6 (base 15) in base 3?
-110100112210
What is 4460 (base 8) in base 11?
1849
What is 733a44 (base 11) in base 5?
300122111
c2024 (base 13) to base 12
148a98
Convert -12220000011221 (base 3) to base 12.
-106b22a
What is -1344642 (base 7) in base 15?
-38230
What is -110110001022 (base 3) in base 15?
-4c8be
What is -20110110021 (base 3) in base 9?
-213407
Convert -c21a (base 15) to base 11.
-28870
Convert 6e6168 (base 16) to base 12.
250a348
What i